 remainder when 1120 is divided by 267.
52
What is the remainder when 71 is divided by 13?
6
Calculate the remainder when 100 is divided by 26.
22
What is the remainder when 1123 is divided by 41?
16
What is the remainder when 170 is divided by 36?
26
What is the remainder when 82 is divided by 64?
18
Calculate the remainder when 422 is divided by 47.
46
What is the remainder when 28 is divided by 14?
0
Calculate the remainder when 900 is divided by 153.
135
Calculate the remainder when 218 is divided by 28.
22
What is the remainder when 16 is divided by 11?
5
Calculate the remainder when 62 is divided by 60.
2
What is the remainder when 305 is divided by 91?
32
Calculate the remainder when 25 is divided by 6.
1
What is the remainder when 28 is divided by 5?
3
Calculate the remainder when 17806 is divided by 6.
4
What is the remainder when 89 is divided by 26?
11
Calculate the remainder when 32 is divided by 20.
12
What is the remainder when 671 is divided by 48?
47
Calculate the remainder when 71 is divided by 19.
14
Calculate the remainder when 21641 is divided by 481.
477
What is the remainder when 133 is divided by 27?
25
What is the remainder when 790 is divided by 18?
16
Calculate the remainder when 887 is divided by 47.
41
Calculate the remainder when 49 is divided by 30.
19
What is the remainder when 2752 is divided by 34?
32
What is the remainder when 256 is divided by 71?
43
Calculate the remainder when 30 is divided by 22.
8
Calculate the remainder when 489 is divided by 134.
87
Calculate the remainder when 404 is divided by 45.
44
What is the remainder when 22 is divided by 21?
1
Calculate the remainder when 1208 is divided by 597.
14
What is the remainder when 21 is divided by 13?
8
What is the remainder when 152 is divided by 88?
64
Calculate the remainder when 388 is divided by 102.
82
What is the remainder when 228 is divided by 204?
24
What is the remainder when 1887 is divided by 42?
39
What is the remainder when 1067 is divided by 98?
87
What is the remainder when 88 is divided by 8?
0
Calculate the remainder when 3221 is divided by 1607.
7
Calculate the remainder when 592 is divided by 183.
43
Calculate the remainder when 3015 is divided by 333.
18
What is the remainder when 143 is divided by 140?
3
Calculate the remainder when 76 is divided by 26.
24
Calculate the remainder when 969 is divided by 174.
99
Calculate the remainder when 229 is divided by 80.
69
What is the remainder when 563 is divided by 21?
17
What is the remainder when 161 is divided by 147?
14
Calculate the remainder when 2550 is divided by 29.
27
What is the remainder when 12256 is divided by 119?
118
What is the remainder when 1030 is divided by 94?
90
What is the remainder when 1882 is divided by 455?
62
What is the remainder when 394 is divided by 12?
10
What is the remainder when 614 is divided by 56?
54
What is the remainder when 1158 is divided by 41?
10
Calculate the remainder when 649 is divided by 65.
64
Calculate the remainder when 230 is divided by 71.
17
What is the remainder when 15 is divided by 9?
6
Calculate the remainder when 22340 is divided by 228.
224
What is the remainder when 5810 is divided by 2901?
8
Calculate the remainder when 3610 is divided by 12.
10
Calculate the remainder when 279 is divided by 20.
19
Calculate the remainder when 6835 is divided by 53.
51
Calculate the remainder when 8266 is divided by 13.
11
Calculate the remainder when 1014 is divided by 127.
125
Calculate the remainder when 1239 is divided by 50.
39
Calculate the remainder when 29 is divided by 9.
2
What is the remainder when 866 is divided by 125?
116
What is the remainder when 5057 is divided by 15?
2
What is the remainder when 599 is divided by 67?
63
Calculate the remainder when 529 is divided by 46.
23
Calculate the remainder when 178 is divided by 14.
10
What is the remainder when 55806 is divided by 39?
36
What is the remainder when 13550 is divided by 77?
75
Calculate the remainder when 56 is divided by 33.
23
Calculate the remainder when 1380 is divided by 175.
155
Calculate the remainder when 1109 is divided by 362.
23
Calculate the remainder when 171 is divided by 50.
21
What is the remainder when 5732 is divided by 8?
4
Calculate the remainder when 1300 is divided by 145.
140
What is the remainder when 1790 is divided by 356?
10
What is the remainder when 633 is divided by 294?
45
What is the remainder when 133 is divided by 29?
17
Calculate the remainder when 1052 is divided by 522.
8
What is the remainder when 3502 is divided by 54?
46
What is the remainder when 8397 is divided by 22?
15
Calculate the remainder when 282 is divided by 36.
30
What is the remainder when 740 is divided by 44?
36
What is the remainder when 36 is divided by 21?
15
What is the remainder when 1331 is divided by 441?
8
Calculate the remainder when 5033 is divided by 2513.
7
Calculate the remainder when 4803 is divided by 155.
153
What is the remainder when 62 is divided by 21?
20
Calculate the remainder when 360 is divided by 126.
108
Calculate the remainder when 2795 is divided by 463.
17
What is the remainder when 138 is divided by 25?
13
What is the remainder when 4745 is divided by 42?
41
What is the remainder when 338 is divided by 9?
5
Calculate the remainder when 141 is divided by 6.
3
What is the remainder when 36 is divided by 33?
3
What is the remainder when 537 is divided by 12?
9
What is the remainder when 89 is divided by 48?
41
What is the remainder when 4649 is divided by 75?
74
Calculate the remainder when 265 is divided by 4.
1
Calculate the remainder when 367 is divided by 87.
19
What is the remainder when 382 is divided by 16?
14
Calculate the remainder when 785 is divided by 101.
78
Calculate the remainder when 797 is divided by 14.
13
What is the remainder when 96 is divided by 58?
38
Calculate the remainder when 224 is divided by 76.
72
Calculate the remainder when 447 is divided by 1.
0
Calculate the remainder when 480 is divided by 41.
29
Calculate the remainder when 1429 is divided by 216.
133
Calculate the remainder when 433 is divided by 44.
37
What is the remainder when 1156 is divided by 20?
16
Calculate the remainder when 168 is divided by 77.
14
Calculate the remainder when 363 is divided by 82.
35
What is the remainder when 86 is divided by 10?
6
What is the remainder when 908 is divided by 156?
128
Calculate the remainder when 365 is divided by 122.
121
What is the remainder when 571 is divided by 8?
3
What is the remainder when 2019 is divided by 10?
9
What is the remainder when 202 is divided by 24?
10
Calculate the remainder when 52 is divided by 4.
0
Calculate the remainder when 99 is divided by 20.
19
Calculate the remainder when 5728 is divided by 2863.
2
What is the remainder when 8 is divided by 3?
2
What is the remainder when 1727 is divided by 96?
95
What is the remainder when 79 is divided by 45?
34
What is the remainder when 355 is divided by 353?
2
Calculate the remainder when 300 is divided by 43.
42
Calculate the remainder when 337 is divided by 180.
157
What is the remainder when 387 is divided by 130?
127
Calculate the remainder when 356 is divided by 15.
11
What is the remainder when 2922 is divided by 974?
0
What is the remainder when 5426 is divided by 209?
201
Calculate the remainder when 2336 is divided by 165.
26
What is the remainder when 654 is divided by 50?
4
What is the remainder when 5393 is divided by 71?
68
What is the remainder when 375 is divided by 42?
39
What is the remainder when 77 is divided by 42?
35
What is the remainder when 114 is divided by 58?
56
Calculate the remainder when 3135 is divided by 49.
48
Calculate the remainder when 1379 is divided by 46.
45
Calculate the remainder when 597 is divided by 40.
37
What is the remainder when 540 is divided by 75?
15
What is the remainder when 143 is divided by 69?
5
What is the remainder when 4140 is divided by 348?
312
Calculate the remainder when 294 is divided by 292.
2
What is the remainder when 15300 is divided by 21?
12
Calculate the remainder when 175 is divided by 47.
34
Calculate the remainder when 100 is divided by 8.
4
Calculate the remainder when 10533 is divided by 3511.
0
What is the remainder when 760 is divided by 111?
94
What is